(j - 2 - 5). Let g(h) = f - 6 - 6 - h + 4. Calculate g(0).
-4
Let d(b) = 5 - 19*b + b**3 + 14*b + 12*b + 6*b**2. Give d(-5).
-5
Let p be -1 - (-3 - (0 + -1)). Let y(u) = u - 1. Let x(s) = -3*s + 2. Let b(i) = 2*x(i) + 5*y(i). Determine b(p).
-2
Let t(l) = 2*l - 6. Suppose -y - 4*y + 34 = -m, 5*y - 22 = -2*m. Give t(y).
6
Let j(k) = 5*k - 2. Let i be j(3). Let w(h) = 0 + 2 - 4 - i*h + 1. Give w(-1).
12
Let a(x) = x - 3. Let d(i) = -3*i + 8. Let k(b) = -7*a(b) - 2*d(b). Suppose 0 = -2*o - 2 + 10. What is k(o)?
1
Let v(d) = d**3 - 3*d**2 + 3*d + 1. Let o be v(3). Suppose o = 3*t + 2*t - 5*z, -2*z - 1 = -3*t. Let m(b) = 2 + 2*b**2 - 3*b**2 - b - 5. What is m(t)?
-9
Let c(q) = -q - 1. Let d be ((-3)/(-2))/(3/4). Let u be 38/(-10) - d/10. Determine c(u).
3
Let m(r) = -r**2 - 5*r - 5. Let b = 0 - -7. Let j(o) = -o**2 + 5*o + 10. Let s be j(b). Calculate m(s).
-1
Let c(w) = 7*w**2 + w + 9. Let l(h) = 13*h**2 + h + 17. Let v = -9 + 20. Let d(r) = v*c(r) - 6*l(r). Suppose -o = -4 + 1. What is d(o)?
3
Suppose 0 = 5*x - 0*t + 2*t - 101, -3*t = -5*x + 86. Let f be (-1)/3 + x/3. Let b(w) = -w**3 + 7*w**2 - 6*w + 4. Give b(f).
4
Let r(z) = -z**2 + 7*z - 1. Let j(l) = -l**2 + 4*l. Let v(i) = -5*j(i) + 3*r(i). Give v(-3).
12
Let w(h) = h**3 - 2*h**2 - 6*h + 7. Let m be w(3). Let r(c) = 2*c**2 - 2*c - 1. Calculate r(m).
11
Let f(n) = -n + 8. Let k(m) be the third derivative of m**3/6 - m**2. Let b(w) = -f(w) + 5*k(w). Give b(5).
2
Let k = -3 - -9. Let w(i) = -i**2 + 7*i + 4. Calculate w(k).
10
Let p(h) be the second derivative of -h**3/6 - 5*h**2/2 - 5*h. Calculate p(-3).
-2
Let d(q) = -3*q - 9. Let o be d(-5). Let t = o - 0. Let v(r) = -r + 4. What is v(t)?
-2
Suppose 4*s - 4*h + 31 = -17, 3*s - 4*h = -41. Let b(j) = -2*j. Calculate b(s).
14
Let m(b) be the third derivative of b**6/60 - b**5/15 + b**4/6 - b**3/2 - 20*b**2. Give m(2).
5
Suppose 0 = -2*r - b - 3, -4*b = 4*r - 3*r + 5. Let g(m) = 19*m**3 + m**2 - 1. Determine g(r).
-19
Suppose 3*i = -i - 4*j + 32, 0 = -2*i + 3*j + 6. Suppose -i*b = -b - 10. Let l(k) = 4*k - 3. Let w(s) = -7*s + 6. Let u(o) = -7*l(o) - 3*w(o). Determine u(b).
-11
Let x(n) = -n - 1. Let k = 12 + -17. Give x(k).
4
Let y be 10/(-45) + (-65)/(-9). Let n = 6 - y. Let b(r) = 5*r**3 + r**2 + r + 1. Give b(n).
-4
Suppose -18 = -g - 4*s, 4*s = -g + 5*s - 2. Let v be g + -1 - (-2 + -1). Suppose v*y = -0*y. Let o(c) = -c**2 + c - 7. Give o(y).
-7
Let c(w) = -5*w**3 - 12*w**2 - 10. Let v(b) = 14*b**3 + 35*b**2 - b + 29. Let n(h) = -17*c(h) - 6*v(h). Give n(5).
1
Let u be 4/4 + 1/1. Let a = 24 - 19. Let d(k) = 1 + 3 + k**2 - 2*k**u - k**2 - a*k. Calculate d(-4).
-8
Suppose 0 = b - 3*c - 5, 5*c + 19 = -3*b + 2*b. Let d(i) = -5*i**2 - 8*i. Let l(t) = 4*t**2 + 7*t. Let x(k) = -3*d(k) - 4*l(k). What is x(b)?
0
Let w(h) = 3*h**2 - 23*h + 2. Let g(o) = -o**2 + 8*o - 1. Let t(x) = 17*g(x) + 6*w(x). Let b = 5 - -1. Let s be -3*2/(b/(-5)). What is t(s)?
10
Let o be (6/(-4))/((-3)/8). Let b be 6/8 + (-63)/(-28). Let r(v) = 0*v**b + 4 + 5*v**2 + 0*v**2 - v**3 - 5*v. What is r(o)?
0
Let d(x) = -3*x. Suppose 0 = o + 3*o - 36. Suppose o = 3*u - 6*u. Calculate d(u).
9
Let m(a) = -2*a**2 - a + 1. Suppose 4 = -3*s + 7, 0 = 5*n - 3*s - 2. Give m(n).
-2
Let u(y) be the third derivative of -y**2 + 1/12*y**4 + 0*y + y**3 + 0. Let z be u(-4). Let d(x) = -2*x - 3. What is d(z)?
1
Let m(c) be the first derivative of c**4/4 - 4*c**3/3 + c**2 + c - 8. Determine m(3).
-2
Let q(j) = 2*j - 2. Let o(l) = 3*l - 1. Let g(w) = -4*o(w) + 5*q(w). Determine g(-5).
4
Let p(d) = 7*d - 9. Let j be 2/3 - (-312)/(-36). Let g(u) = -11*u + 14. Let r(h) = j*p(h) - 5*g(h). What is r(2)?
0
Let n(k) = -1. Let a(j) = 2*j - 7. Suppose l + 3*l = -12, 0 = 5*i - 2*l + 64. Let p(y) = i*n(y) + 2*a(y). What is p(-1)?
-4
Suppose 1 = -2*o + 3*o. Let k(u) = -u. Let r(f) = 2*f + 1. Let n(g) = k(g) + r(g). Give n(o).
2
Let m(l) = -12*l - 1. Let x(s) = 11*s + 1. Let z(q) = 3*m(q) + 4*x(q). Suppose 5*f + w - 4 = 0, w + 0 = f - 2. Determine z(f).
9
Let v(g) = -g**2 - g. Let y(z) = -z + 3. Suppose -4*w + 2*w = 0. Let p be y(w). Suppose -10 = c + 4*a, 4*c - 1 = -c - p*a. Determine v(c).
-6
Let d(p) = -p**3 - 8*p**2 + 7*p + 3. Let c(g) = 6*g**3 + 40*g**2 - 35*g - 15. Let i(n) = 2*c(n) + 11*d(n). What is i(7)?
3
Let i(h) = h - 2. Let s(l) = l**3 - 5*l**2 - 7*l + 8. Let r be s(6). Give i(r).
0
Suppose -2*z = 10, -5*l + z - 13 = 22. Let y = l + 13. Let q(p) = p**2 - 4*p + 3. Calculate q(y).
8
Let q(r) = 1177*r - 1178*r + 27 + 1. Give q(0).
28
Let q(o) = 5*o + 4. Let i(m) = -2 - 4 + 5. Let y(w) = -5*i(w) - q(w). Suppose -2*f = 10, 0*f = -5*v + f. Determine y(v).
6
Suppose -r + 2 - 5 = 0. Let m(k) = -2*k**2 - 4*k. What is m(r)?
-6
Let d(v) be the first derivative of -v**4/4 + 2*v**3 + 3*v**2/2 - 6*v + 52. Suppose -2*z + 16 = z + j, -5*z + 26 = 2*j. Give d(z).
12
Let z(t) = -1. Let j(n) = -n**2 + 3*n + 8. Let g(q) = j(q) + 2*z(q). What is g(5)?
-4
Suppose 2*l + v - 2 = 3*l, 2*l + 3 = 3*v. Let n = l - -7. Suppose 3*m - n = 2*m. Let u(z) = -z**3 + 4*z**2 - z - 1. What is u(m)?
-5
Let p(n) = n + 6. Suppose 0 = -5*b + 3*f - 36, 2*b + f - 20 = 5*b. Determine p(b).
0
Let t(j) = -4*j - 1. Let c(v) = -3*v. Let r be (-2)/((-2)/(-4)*1). Let n(y) = r*t(y) + 5*c(y). Calculate n(-6).
-2
Let h(p) = p. Suppose s + 11 = -5*f - 9, 5*f + 20 = 5*s. Give h(f).
-4
Let c(o) be the first derivative of o**5/60 - o**4/4 + o**3/6 + o**2/2 + 4. Let g(a) be the second derivative of c(a). Calculate g(4).
-7
Let l be (-4)/(-10) - (-47)/(-5). Let o = -5 - l. Suppose -1 + 21 = -o*u. Let z(c) = c + 4. Determine z(u).
-1
Let o = -4 + 9. Let k(q) = q**3 - o*q + q + 6*q + 4 + 3*q**2 + q**2. Calculate k(-3).
7
Let u be 2/(1/((-3)/2)). Let j(t) be the second derivative of -1/3*t**3 - 1/20*t**5 - 1/3*t**4 + 0 + 0*t**2 - 2*t. What is j(u)?
-3
Let x(j) = -j**3 + 5*j**2 + 5*j + 6. Suppose 0*g - 5*i = -g - 19, 4*g = i + 19. Give x(g).
0
Suppose 0*j + j = 2*a - 3, 0 = 5*a - 5*j - 5. Let t(h) be the first derivative of -h**4/2 + 2*h**3/3 + 27. Calculate t(a).
-8
Let w(b) be the third derivative of -b**4/12 - b**2. Suppose 11*v + 9*v + 20 = 0. What is w(v)?
2
Let b be -5 + -4 - (-3 + 0). Let q(c) = c**3 + 5*c**2 - 6*c + 1. Determine q(b).
1
Let i = -17 + 24. Let x = i + -12. Let o(p) = -2*p + 1. Give o(x).
11
Let t = -4 - -7. Let h be (1 - 2) + (3 - 0). Let a(z) = 2*z**2 - z**3 + 5*z + 2*z**2 + 0*z**2 - 3*z**2 - h. What is a(t)?
-5
Let f(y) = 3*y**3 - 18*y**2 - 4*y + 15. Let z(v) = -2*v**3 + 12*v**2 + 3*v - 10. Let i(b) = 5*f(b) + 7*z(b). Give i(6).
11
Suppose l - 10 + 1 = 0. Let s be l/(-3) - (1 - 0). Let t(y) = -y - 4 + 3 + 0*y. Determine t(s).
3
Let r(i) = -i**3 + i + 5 + 2*i**3 + 0*i**3 - 2*i**3. Determine r(0).
5
Let l(h) = h**3 - 6*h**2 + 3*h - 1. Let q(i) = -i**3 + 3*i**2 + 3*i - 6. Let z be q(3). Determine l(z).
-19
Let a be (-3 - -1)*9/(-2). Let f = 11 - a. Let v(g) = -g**3 + g**2 + 2*g + 1. What is v(f)?
1
Let v = 16 - 13. Suppose -19 = g + 4*x, g = 2*g + v*x + 14. Let i(t) = t**2 + 2*t**2 + 1 - 9*t**2. Give i(g).
-5
Let a(b) be the third derivative of -b**4/12 - b**3/6 - 23*b**2. What is a(-8)?
15
Let c(n) = 0*n**2 - 4*n - 3*n + 4 + n**2. Suppose -17*l = -64 - 38. What is c(l)?
-2
Let d(m) = 2*m**3 - 3*m**3 + m**3 + 7 + 3*m - m**3 + 4*m**2. Determine d(5).
-3
Let k(s) = -s + 3. Let o(n) = -n**3 - 5*n**2 + 4*n - 5. Let c be o(-6). Let x be k(c). Let b(r) = -r**2 + 0*r - 4 - r - 4*r. What is b(x)?
0
Let t(l) be the third derivative of l**6/120 - l**5/60 - 5*l**4/24 + l**3/2 + l**2. Let p be (2 + 0)*(-9)/(-6). Give t(p).
6
Let y(b) = b**2 + 5*b - 10. Let h be y(-8). Suppose -h = -2*i - 4. Suppose 0 = 2*t - 3*t + i. Let m(v) = -v**2 + 5*v + 6. Determine m(t).
6
Let f(i) = i**3 + 4*i**2 + 5*i + 1. Let d(t) = 3*t**3 + 12*t**2 + 14*t + 3. Let p(o) = 4*d(o) - 11*f(o). Let k be 1*3/2*-2. Give p(k).
7
Let c(k) = 9*k - 4. Let f(q) = -2*q + 1. Let r(i) = -2*c(i) - 11*f(i). Let t = 8 - 5. Calculate r(t).
9
Let u(t) be the third derivative of t**6/120 + t**5/20 - t**4/6 + 5*t**3/6 - 2*t**2. Let j = -7 - 5. Let n be ((-3)/(-3))/(3/j). Give u(n).
5
Let o(p) = -3 + p**2 - 2*p**2 + 7*p + 6*p**2. Let u(f) = 11*f**2 + 15*f - 7. Let d(n) = -9*o(n) + 4*u(n). Suppose 0*b = -b - 4. Calculate d(b).
-5
Let r(o) = -o**2 - 7*o - 2. Let l be r(-7). Let a(c) = 35*c + 32*c 